b) = -51*b**2 - 18422*b - 76742. Give g(-357).
13
Let s(i) = i**2 - 41*i + 533. What is s(47)?
815
Let l(c) = 62*c + 430. Calculate l(0).
430
Let z(r) = -11*r**2 - 15139*r - 30278. What is z(-2)?
-44
Let a(u) = -37*u**3 - 152*u**2 - 3*u + 9. What is a(-4)?
-43
Let d(t) = -9*t**2 + 19539*t + 19538. Determine d(-1).
-10
Let i(r) = 1666*r**2 - 24974*r - 38. Calculate i(15).
202
Let p(a) = -a**3 - 40*a**2 + 315*a + 12346. Give p(-42).
2644
Let i(q) = -q**2 + 132*q - 4381. What is i(42)?
-601
Let s(k) = k**3 - 47*k**2 - 90*k + 1218. What is s(49)?
1610
Let s(v) = -238802*v - 716405. What is s(-3)?
1
Let x(a) = 2983*a - 175958. Give x(59).
39
Let i(v) = -514*v**2 - 1260*v - 1264. Determine i(-1).
-518
Let r(z) = -307*z - 123544. Determine r(-405).
791
Let c(m) = -135*m + 58. Give c(-5).
733
Let n(m) = -70*m**2 + 109*m - 51. Give n(5).
-1256
Let d(x) = 4*x**2 - 170395*x - 1363431. Calculate d(-8).
-15
Let v(k) = k**3 - 8*k**2 + 46*k - 617. Calculate v(13).
826
Let v(y) = -1226*y - 1150. Determine v(-1).
76
Let j(h) = h**2 + 3817*h + 166114. Determine j(-44).
102
Let o(p) = -8*p**2 - 2472*p - 22057. What is o(-9)?
-457
Let l(s) = -3*s**2 + 67*s + 1537. Calculate l(38).
-249
Let n(x) = 2*x**3 - 75*x**2 + 690*x - 20727. Determine n(36).
225
Let z(n) = -4*n**3 - 835*n**2 + 11*n + 8. Determine z(0).
8
Let y(k) = -k**2 + 100*k + 49. Determine y(89).
1028
Let n(r) = 200*r - 34243. What is n(172)?
157
Let q(r) = r**2 - 55*r - 1528. Calculate q(0).
-1528
Let p(a) = -51*a**2 + 376*a + 49. Determine p(7).
182
Let u(o) = 7*o**3 + 2307*o**2 - 3263*o + 15560. Calculate u(-331).
3
Let g(l) = -3*l**3 + 125*l**2 - 169*l + 4930. What is g(41)?
1363
Let a(s) = -20513*s - 2051443. What is a(-100)?
-143
Let q(b) = -b**3 + 147*b**2 - 338*b + 49678. What is q(147)?
-8
Let l(x) = -x**2 - 356*x - 4136. Determine l(-15).
979
Let z(s) = s**2 - 7*s - 30437. Give z(-171).
1
Let y(z) = 10165*z - 640369. Give y(63).
26
Let n(l) = -253161*l - 10126447. Calculate n(-40).
-7
Let v(s) = 3169*s + 66521. Determine v(-21).
-28
Let b(g) = g**3 - 2*g**2 - 128*g - 514. Give b(-7).
-59
Let y(t) = 16*t**2 + 1768*t + 20239. What is y(-13)?
-41
Let d(s) = -1056*s + 622460. Determine d(590).
-580
Let w(a) = a**2 + 182149*a + 1275005. Calculate w(-7).
11
Let k(h) = -h**2 - 30586*h + 305942. Determine k(10).
-18
Let n(k) = -k**3 - 37*k**2 - 200*k + 917. What is n(-29)?
-11
Let t(j) = 6308*j + 25478. What is t(-4)?
246
Let q(l) = -2*l**3 + 64*l**2 + 73*l - 324. Determine q(32).
2012
Let b(w) = 8*w**2 - 408*w - 2945. Give b(57).
-209
Let d(c) = -c**3 + 345*c**2 - 20633*c - 791. Determine d(268).
13
Let s(a) = -a**2 - 6669*a - 13339. Give s(-2).
-5
Let c(z) = z**3 + 9*z**2 - 1348*z - 1231. What is c(33)?
23
Let o(p) = -13517*p + 257001. Give o(19).
178
Let q(o) = 108*o**2 + 446*o + 20. Determine q(-4).
-36
Let y(x) = 16*x**2 - 1333*x + 21107. Determine y(62).
-35
Let w(v) = -888*v + 1771. Give w(2).
-5
Let h(s) = -6*s**2 + 236*s + 1785. What is h(46)?
-55
Let q(h) = 6884*h + 7648133. Give q(-1111).
9
Let w(z) = 2*z**2 + 459*z - 8999. What is w(-249)?
712
Let o(z) = -2*z**2 + 495*z + 2371. Give o(252).
103
Let a(d) = -2*d**2 + 891*d + 6178. What is a(-7)?
-157
Let r(z) = 2*z**2 + 1427*z - 97854. Give r(63).
-15
Let o(s) = 3*s**3 - 201*s**2 + 146*s + 3737. What is o(66)?
305
Let g(p) = -77*p**2 + 1768*p - 860. What is g(22)?
768
Let z(g) = -g**3 - 17*g**2 + 39*g + 178. Determine z(-17).
-485
Let r(w) = -w**2 + 1706*w + 734072. What is r(-356)?
0
Let p(f) = 21628*f + 7180510. Calculate p(-332).
14
Let k(y) = 21260*y - 85456. Give k(4).
-416
Let l(v) = -v**3 + 68*v**2 + 289*v - 17. Determine l(72).
55
Let r(q) = -8877*q - 71075. Calculate r(-8).
-59
Let f(a) = 18485*a - 1090619. What is f(59)?
-4
Let a(y) = -y**3 - 24*y**2 - 59*y - 873. Determine a(-22).
-543
Let d(w) = -189*w**2 - 66338*w + 395. Give d(-351).
44
Let q(k) = 209*k**2 + 4148*k - 541. Calculate q(-20).
99
Let j(z) = z**3 + 357*z**2 + 14040*z + 29. Calculate j(-312).
29
Let r(t) = 18757*t + 131273. Give r(-7).
-26
Let t(x) = -25*x**2 - 869*x - 7751. Determine t(-18).
-209
Let c(s) = -4528*s - 38859. Give c(-8).
-2635
Let q(h) = 2279*h + 6659. Calculate q(-3).
-178
Let u(h) = h**3 - 155*h**2 - 160*h + 574. Calculate u(156).
-50
Let y(w) = w**2 + 70*w - 641. Calculate y(-80).
159
Let g(a) = a**3 + 24*a**2 - 51*a + 951. Give g(-24).
2175
Let s(z) = -116181*z - 232362. What is s(-2)?
0
Let z(m) = -5*m**3 + 2139*m**2 - 10579*m + 37. Give z(5).
-8
Let h(n) = 227*n + 4724. Determine h(-21).
-43
Let d(j) = 69*j + 3963. Determine d(-58).
-39
Let q(l) = 300*l - 72639. Give q(242).
-39
Let f(j) = 497*j + 14465. Give f(-29).
52
Let s(n) = 45797*n + 2289845. Determine s(-50).
-5
Let y(n) = 1869*n + 24044. What is y(-13)?
-253
Let p(c) = -c**3 + 18*c**2 - 71*c + 564. Determine p(20).
-1656
Let f(x) = -x**2 - 45*x + 4706. Determine f(49).
100
Let l(r) = -42*r**2 + 227*r - 28. Give l(8).
-900
Let t(j) = 639873*j - 639872. Determine t(1).
1
Let b(g) = 225*g - 1944. Determine b(17).
1881
Let w(a) = -a**3 - 56*a**2 + 1196*a + 74804. What is w(-50)?
4
Let q(w) = -w**3 + 595*w**2 - 2442*w + 331. Determine q(4).
19
Let k(s) = s**3 + 31*s**2 - 140*s - 5181. Determine k(-33).
-2739
Let f(l) = -2030*l - 29478. Calculate f(-14).
-1058
Let w(l) = l**2 + 169*l - 22626. Determine w(88).
-10
Let s(r) = -221*r - 10365. Calculate s(-43).
-862
Let t(v) = 2*v**2 + 51*v - 167. What is t(8)?
369
Let j(c) = 2*c**2 + 865*c + 3498. Give j(-4).
70
Let b(y) = y**2 - 14763*y + 206607. What is b(14)?
121
Let b(s) = -1189*s - 7243. What is b(-6)?
-109
Let j(u) = u**2 + 1474*u - 1785512. Give j(789).
-5
Let i(z) = -2479644*z - 9918518. Determine i(-4).
58
Let i(j) = 58442*j - 350691. What is i(6)?
-39
Let i(q) = -11023*q - 21648. Determine i(-2).
398
Let n(z) = 649*z - 1484. What is n(2)?
-186
Let n(y) = -5907*y**2 - 59042*y + 279. What is n(-10)?
-1
Let d(h) = 4*h**3 + 151*h**2 - 9*h + 782. Calculate d(-38).
-320
Let b(f) = f**3 + 82*f**2 - 1030*f - 723. Calculate b(-93).
-72
Let w(c) = -705*c + 6942. Calculate w(11).
-813
Let d(z) = z**3 - 4*z**2 - 56*z + 58. Give d(-7).
-89
Let n(m) = 2*m**3 - 10*m**2 + 26*m - 2. Give n(3).
40
Let i(f) = -4*f**3 - 567*f**2 + 1298*f + 285. What is i(-144)?
-3
Let j(o) = 6111*o - 3306040. What is j(541)?
11
Let j(h) = 65862*h + 2766205. What is j(-42)?
1
Let l(p) = 43*p**2 + 14481*p + 14481. What is l(-1)?
43
Let k(f) = 3*f**3 + 13979*f**2 - 41963*f - 3. What is k(3)?
0
Let r(b) = 2*b**2 - 2902*b + 529443. What is r(1237)?
7
Let y(a) = -286*a**2 - 5092*a - 45. What is y(-18)?
-1053
Let w(s) = 2483*s + 14274. What is w(-6)?
-624
Let u(z) = -z**3 + 45*z**2 + 568*z - 542. Calculate u(-11).
-14
Let y(a) = 25*a**2 + 2699*a + 21569. Calculate y(-8).
1577
Let g(l) = l**3 + 7*l**2 + 75*l + 1044. Calculate g(-10).
-6
Let b(h) = 3*h**3 - h**2 + 21*h + 152. Give b(-9).
-2305
Let v(l) = 6*l**3 - 786*l**2 + 773*l + 924. Give v(130).
14
Let y(o) = 8*o**2 + 372*o + 2350. What is y(-7)?
138
Let q(w) = 102*w**2 + 1179*w + 9. What is q(-11)?
-618
Let l(i) = -84170*i - 1599236. Calculate l(-19).
-6
Let p(v) = v**3 + 46*v**2 - 96*v - 12. Give p(-48).
-12
Let v(t) = 7*t**3 + 258*t**2 - 52*t - 818. Calculate v(-37).
-263
Let f(j) = 17*j**2 + 5952*j + 35109. Determine f(-6).
9
Let r(u) = -71448*u + 2357787. Calculate r(33).
3
Let y(q) = -q**3 - 21*q**2 + 12*q + 119. Determine y(-25).
2319
Let f(h) = -846*h + 5835. What is f(7)?
-87
Let c(j) = -1493*j - 18840. Calculate c(-12).
-924
Let v(b) = 6*b**3 + 360*b**2 - 6*b - 99. Give v(0).
-99
Let n(p) = 11*p**3 + 197*p**2 + 6198*p + 111887. Give n(-18).
-1
Let c(u) = -45242*u - 8. What is c(0)?
-8
Let q(x) = -5271*x + 326761. Calculate q(62).
-41
Let y(l) = -40*l**3 - 6649*l**2 - 1495*l - 165. Give y(-166).
1
Let i(t) = -t**3 - 88*t**2 - 1711*t - 3917. Determine i(-61).
-13
Let v(k) = -5914*k - 780565. Determine v(-132).
83
Let h(g) = -g**3 - 107*g**2 + 171*g - 3878. Give h(-109).
1245
Let h(q) = -3580*q + 49958. What is h(14)?
-162
Let l(q) = 25621*q + 204720. Give l(-8).
-248
Let x(o) = -1326*o - 1368. Determine x(-1).
-42
Let p(y) = 499*y + 51642. What is p(-102)?
744
Let c(u) = -u**2 + 118*u - 256. Calculate c(116).
-24
Let j(k) = -34*k**2 - 1303*k + 3890. Calculate j(3).
-325
Let i(w) = 54*w**3 - 258*w**2 + 293*w - 24. 